-210011200
Convert -721 (base 11) to base 16.
-366
What is 2256 (base 8) in base 16?
4ae
Convert -138d (base 14) to base 12.
-2001
What is 77375 (base 9) in base 14?
149d3
What is ba (base 16) in base 8?
272
What is 343a (base 11) in base 3?
20012102
Convert 2231333 (base 5) to base 2.
1001101010101001
Convert -76063 (base 10) to base 4.
-102210133
2525 (base 7) to base 12
672
15b (base 16) to base 9
425
Convert -313301 (base 4) to base 5.
-103234
Convert 1112201 (base 3) to base 9.
1481
What is 213 (base 5) in base 10?
58
What is -52142 (base 6) in base 10?
-6974
Convert dab8 (base 15) to base 13.
180c5
Convert 2001222 (base 3) to base 11.
1154
Convert fc (base 16) to base 13.
165
Convert -110203 (base 4) to base 3.
-1210201
-ce3 (base 15) to base 7
-11331
1c6a2 (base 13) to base 11
39144
10211 (base 7) to base 11
197a
What is 205b (base 12) in base 16?
dc7
What is 212012 (base 3) in base 15?
2bb
What is 11a (base 13) in base 8?
300
Convert -129 (base 11) to base 5.
-1102
Convert -3b3b (base 13) to base 4.
-2010310
What is 288 (base 9) in base 13?
158
-3142 (base 9) to base 14
-baa
Convert 360 (base 7) to base 14.
d7
-134422 (base 5) to base 7
-22235
What is -3516 (base 9) in base 11?
-1a60
What is 13022 (base 5) in base 10?
1012
110110 (base 3) to base 12
240
-847 (base 9) to base 5
-10231
What is -2010002 (base 3) in base 9?
-2102
Convert 3146 (base 14) to base 11.
6419
Convert a1c (base 15) to base 8.
4345
What is -3656 (base 11) in base 6?
-34044
Convert -111111000001000 (base 2) to base 8.
-77010
What is 23450 (base 8) in base 15?
2e84
Convert 23421 (base 5) to base 9.
2338
-2230 (base 5) to base 9
-380
Convert -20a (base 16) to base 3.
-201100
12104 (base 5) to base 16
388
What is -3303 (base 14) in base 4?
-2021313
What is 19328 (base 11) in base 16?
6985
1301 (base 10) to base 4
110111
Convert 3646 (base 14) to base 12.
5592
What is -1741 (base 9) in base 13?
-7b7
-60354 (base 7) to base 5
-431332
-1683 (base 9) to base 7
-3522
23202222 (base 4) to base 16
b8aa
407 (base 10) to base 7
1121
-2498 (base 13) to base 8
-12113
Convert 5985 (base 11) to base 7.
31564
What is 23744 (base 8) in base 13?
4857
Convert -1221 (base 7) to base 10.
-456
2e7 (base 16) to base 4
23213
-300304 (base 5) to base 7
-36364
Convert -58b (base 13) to base 14.
-4c8
What is 14174 (base 8) in base 12?
3764
What is -e909 (base 16) in base 8?
-164411
11412 (base 7) to base 11
2241
41500 (base 6) to base 9
7580
What is 4c7 (base 13) in base 10?
839
36b (base 15) to base 5
11101
18c (base 13) to base 5
2120
11110100 (base 2) to base 9
301
Convert -39 (base 11) to base 2.
-101010
Convert 13 (base 11) to base 16.
e
566a (base 11) to base 14
2a09
What is 1615 (base 7) in base 5?
10044
-1131 (base 9) to base 8
-1506
Convert -2056 (base 14) to base 10.
-5564
Convert -372 (base 10) to base 9.
-453
What is 818 (base 12) in base 4?
102110
Convert 21002210 (base 3) to base 10.
5178
-101110010101001 (base 2) to base 16
-5ca9
Convert 202103 (base 4) to base 10.
2195
Convert -313234 (base 5) to base 2.
-10100011001100
Convert 394 (base 14) to base 9.
877
What is -369 (base 11) in base 12?
-306
Convert 193a (base 16) to base 7.
24554
Convert -25 (base 9) to base 8.
-27
-10091 (base 16) to base 14
-19d17
Convert -24324 (base 5) to base 3.
-2112010
Convert -329 (base 12) to base 8.
-721
-212231 (base 5) to base 16
-1c17
Convert 42 (base 12) to base 16.
32
-50d3 (base 14) to base 4
-3121101
Convert -25353 (base 6) to base 5.
-110223
-120333 (base 6) to base 9
-15353
-19 (base 13) to base 14
-18
-1e8 (base 15) to base 3
-121102
Convert 110520 (base 7) to base 5.
1110332
-8275 (base 12) to base 16
-3779
What is -3556 (base 9) in base 12?
-1643
-52530 (base 6) to base 7
-26505
What is -59 (base 16) in base 6?
-225
What is -18830 (base 10) in base 12?
-aa92
-200212212 (base 3) to base 9
-20785
What is 1102012 (base 3) in base 6?
4435
50ba (base 16) to base 12
bb62
-10300113 (base 4) to base 8
-46027
Convert -3300 (base 4) to base 15.
-110
What is 1859a (base 12) in base 3?
1210120001
Convert -120131 (base 4) to base 14.
-7db
Convert -33612 (base 7) to base 15.
-27e0
Convert 414 (base 10) to base 8.
636
-1747 (base 10) to base 15
-7b7
-26514 (base 9) to base 12
-a44a
-816 (base 10) to base 13
-4aa
What is -34535 (base 6) in base 7?
-20306
Convert 65711 (base 9) to base 7.
241036
What is -11270 (base 8) in base 7?
-16654
-1167 (base 8) to base 5
-10011
Convert -28165 (base 10) to base 4.
-12320011
What is -6245 (base 14) in base 11?
-1178a
5989 (base 10) to base 15
1b94
What is 47241 (base 9) in base 4?
13230322
-1cc4 (base 16) to base 14
-2980
Convert -344214 (base 5) to base 6.
-133322
5035 (base 8) to base 10
2589
What is 10010111001 (base 2) in base 11?
9aa
111010 (base 3) to base 4
11202
Convert -2011212 (base 3) to base 2.
-11000110101
1814 (base 11) to base 3
10011201
What is -110 (base 3) in base 2?
-1100
Convert -52312 (base 7) to base 16.
-322f
What is -992 (base 11) in base 13?
-707
-11421 (base 5) to base 7
-2340
Convert 405216 (base 7) to base 16.
10dbe
Convert -1e4 (base 16) to base 13.
-2b3
What is -2a (base 14) in base 15?
-28
Convert 230033 (base 4) to base 5.
42311
What is -12321 (base 6) in base 12?
-10a1
3d2 (base 14) to base 15
367
What is 1011100 (base 2) in base 3?
10102
-275 (base 10) to base 5
-2100
Convert -2023122 (base 5) to base 3.
-1200010222
Convert -254 (base 14) to base 3.
-122021
What is -11100001011 (base 2) in base 4?
-130023
Convert 304 (base 10) to base 9.
367
Convert 3172 (base 8) to base 12.
b62
Convert 6518 (base 9) to base 6.
34112
Convert 11a (base 12) to base 6.
434
Convert -12250 (base 6) to base 4.
-130212
Convert 15013 (base 8) to base 13.
305b
-bed (base 15) to base 2
-101010001010
-396 (base 15) to base 12
-580
Convert 23560 (base 7) to base 6.
44154
What is 201253 (base 6) in base 2?
11111000000001
-1455 (base 6) to base 2
-110001011
Convert -6033 (base 8) to base 14.
-11b5
422 (base 8) to base 7
541
-2151 (base 6) to base 16
-1f3
65123 (base 7) to base 11
11186
What is -133304 (base 5) in base 7?
-21621
What is 34010 (base 5) in base 9?
3234
Convert 2 (base 12) to base 15.
2
Convert -669c (base 14) to base 9.
-26343
2122 (base 4) to base 7
310
Convert 21022 (base 3) to base 4.
3011
What is -214142 (base 7) in base 3?
-1220101122
0 (base 14) to base 4
0
Convert 140104 (base 5) to base 15.
1a1e
What is 175 (base 16) in base 9?
454
What is -677 (base 8) in base 5?
-3242
Convert 4103 (base 6) to base 9.
1213
Convert -c5c (base 13) to base 9.
-2788
Convert -100234 (base 8) to base 10.
-32924
Convert -2aa (base 15) to base 2.
-1001100010
-1111413 (base 5) to base 12
-b420
-110101000 (base 2) to base 13
-268
a4 (base 11) to base 5
424
-a58 (base 11) to base 15
-59d
What is 912 (base 14) in base 6?
12124
Convert -11011 (base 3) to base 11.
-a2
What is 6858 (base 11) in base 6?
105425
-20103 (base 7) to base 8
-11366
Convert -2012122 (base 3) to base 9.
-2178
3cc (base 14) to base 3
1001110
What is 2322 (base 4) in base 8?
272
Convert 9557 (base 12) to base 8.
37723
21222200 (base 3) to base 11
4414
-85a (base 12) to base 9
-1607
Convert 221112010 (base 3) to base 12.
a926
110221201 (base 3) to base 10
9442
-30102 (base 5) to base 14
-99c
-31211 (base 4) to base 2
-1101100101
Convert -421 (base 10) to base 8.
-645
Convert -2211211 (base 3) to base 9.
-2754
-202112012 (base 3) to base 15
-4678
-1251 (base 7) to base 3
-122200
Convert -1492 (base 13) to base 6.
-21504
What is 358 (base 11) in base 3?
120210
94 (base 14) to base 7
244
-54 (base 11) to base 10
-59
-33133 (base 4) to base 3
-1100201
Convert -29aa (base 11) to base 8.
-7437
Convert 12a9 (base 11) to base 16.
69c
13701 (base 9) to base 10
9316
What is 6607 (base 14) in base 16?
44ef
What is 314 (base 8) in base 16?
cc
10001001110 (base 2) to base 13
66a
Convert 101110 (base 4) to base 13.
673
Convert 57714 (base 8) to base 9.
36568
336231 (base 7) to base 13
212b2
56 (base 11) to base 15
41
-1102331 (base 4) to base 11
-3a97
What is -540 (base 6) in base 14?
-108
Convert 8b10 (base 16) to base 9.
53745
Convert 2012002 (base 3) to base 6.
11215
Convert -3437 (base 9) to base 7.
-10264
Convert -1762 (base 14) to base 2.
-1000001101010
Convert -113b (base 15) to base 13.
-1883
What 